{"id":1333,"date":"2015-03-16T08:57:47","date_gmt":"2015-03-16T08:57:47","guid":{"rendered":"http:\/\/desarrollo.codesu.com\/?page_id=1333"},"modified":"2019-06-25T17:06:12","modified_gmt":"2019-06-25T17:06:12","slug":"electricos","status":"publish","type":"page","link":"http:\/\/www.codesu.com\/?page_id=1333","title":{"rendered":"El\u00e9ctricos"},"content":{"rendered":"<p>[vc_row css=\u00bb.vc_custom_1561482358516{background-image: url(http:\/\/www.codesu.com\/wp-content\/uploads\/foto_electricos1.jpg?id=1343) !important;}\u00bb row_vertical_center=\u00bb1&#8243; bg_parallax=\u00bbon\u00bb row_min_height=\u00bb800&#8243; bg_slider=\u00bboff\u00bb bg_video=\u00bboff\u00bb bottom_button=\u00bboff\u00bb bottom_button_color=\u00bb#222222&#8243; bg_slider_size=\u00bbfull\u00bb][vc_column width=\u00bb1\/2&#8243;][vc_column_text]<\/p>\n<h1 style=\"text-align: left;\">ELECTRICOS<\/h1>\n<p>[\/vc_column_text][vc_text_separator title=\u00bbCABLES Y SUS ACCESORIOS\u00bb title_align=\u00bbseparator_align_center\u00bb color=\u00bbcustom\u00bb accent_color=\u00bb#18214d\u00bb][vc_column_text]<\/p>\n<ul>\n<li>Altas temperaturas-Apantallados<\/li>\n<li>Transmisi\u00f3n de datos-Cables coaxiales<\/li>\n<li>Empalmes para cables de media tensi\u00f3n<\/li>\n<li>Terminales para cables de media tensi\u00f3n<\/li>\n<li>Productos termo-retr\u00e1ctiles<\/li>\n<li>Empalmes por vertido de resina-Cintas aislantes<\/li>\n<li>Lux\u00f3metros-Heli\u00f3grafos-Man\u00f3metros-Mult\u00edmetros<\/li>\n<li>Sistemas de identificaci\u00f3n para cables<\/li>\n<li>Terminales pre-aislados<\/li>\n<li>Term\u00f3metros de radiaci\u00f3n por infra rojos<\/li>\n<li>Conectores para baja tensi\u00f3n<\/li>\n<\/ul>\n<p>[\/vc_column_text][vc_text_separator title=\u00bbCOMPONENTES ELECTRONICOS\u00bb title_align=\u00bbseparator_align_center\u00bb color=\u00bbcustom\u00bb style=\u00bbdotted\u00bb accent_color=\u00bb#18214d\u00bb][vc_column_text]<\/p>\n<ul>\n<li>Diodos, Tiristores, Resistencias, Transistores<\/li>\n<li>Rel\u00e9s, Condensadores, IGBT, M\u00f3dulos de potencia<\/li>\n<li>Optoacopladores, Leds,..<\/li>\n<\/ul>\n<p>[\/vc_column_text][vc_separator color=\u00bbcustom\u00bb accent_color=\u00bb#18214d\u00bb style=\u00bbdotted\u00bb][vc_row_inner][vc_column_inner width=\u00bb1\/2&#8243;][vc_column_text]Si <strong>necesita<\/strong> alguno de estos productos no dude <strong>en contactar<\/strong> con nosotros[\/vc_column_text][\/vc_column_inner][vc_column_inner width=\u00bb1\/2&#8243;][vc_button2 title=\u00bbCONT\u00c1CTANOS\u00bb style=\u00bbrounded\u00bb color=\u00bbblue\u00bb size=\u00bblg\u00bb full_width=\u00bbyes\u00bb link=\u00bburl:http%3A%2F%2Fwww.codesu.com%2F%3Fpage_id%3D61|title:CONTACTO|\u00bb][\/vc_column_inner][\/vc_row_inner][vc_button2 title=\u00bbVolver a productos\u00bb style=\u00bbrounded\u00bb color=\u00bbgrey\u00bb size=\u00bblg\u00bb full_width=\u00bbno\u00bb link=\u00bburl:http%3A%2F%2Fwww.codesu.com%2F%3Fpage_id%3D1184|title:Productos|\u00bb][\/vc_column][vc_column width=\u00bb1\/2&#8243;][\/vc_column][\/vc_row]<\/p>\n","protected":false},"excerpt":{"rendered":"<p>[vc_row css=\u00bb.vc_custom_1561482358516{background-image: url(http:\/\/www.codesu.com\/wp-content\/uploads\/foto_electricos1.jpg?id=1343) !important;}\u00bb row_vertical_center=\u00bb1&#8243; bg_parallax=\u00bbon\u00bb row_min_height=\u00bb800&#8243; bg_slider=\u00bboff\u00bb bg_video=\u00bboff\u00bb bottom_button=\u00bboff\u00bb bottom_button_color=\u00bb#222222&#8243; bg_slider_size=\u00bbfull\u00bb][vc_column width=\u00bb1\/2&#8243;][vc_column_text] ELECTRICOS [\/vc_column_text][vc_text_separator title=\u00bbCABLES Y SUS ACCESORIOS\u00bb title_align=\u00bbseparator_align_center\u00bb color=\u00bbcustom\u00bb accent_color=\u00bb#18214d\u00bb][vc_column_text] Altas temperaturas-Apantallados Transmisi\u00f3n de datos-Cables coaxiales Empalmes para [&hellip;]<\/p>\n","protected":false},"author":1,"featured_media":0,"parent":0,"menu_order":0,"comment_status":"open","ping_status":"open","template":"","meta":{"footnotes":""},"_links":{"self":[{"href":"http:\/\/www.codesu.com\/index.php?rest_route=\/wp\/v2\/pages\/1333"}],"collection":[{"href":"http:\/\/www.codesu.com\/index.php?rest_route=\/wp\/v2\/pages"}],"about":[{"href":"http:\/\/www.codesu.com\/index.php?rest_route=\/wp\/v2\/types\/page"}],"author":[{"embeddable":true,"href":"http:\/\/www.codesu.com\/index.php?rest_route=\/wp\/v2\/users\/1"}],"replies":[{"embeddable":true,"href":"http:\/\/www.codesu.com\/index.php?rest_route=%2Fwp%2Fv2%2Fcomments&post=1333"}],"version-history":[{"count":13,"href":"http:\/\/www.codesu.com\/index.php?rest_route=\/wp\/v2\/pages\/1333\/revisions"}],"predecessor-version":[{"id":1727,"href":"http:\/\/www.codesu.com\/index.php?rest_route=\/wp\/v2\/pages\/1333\/revisions\/1727"}],"wp:attachment":[{"href":"http:\/\/www.codesu.com\/index.php?rest_route=%2Fwp%2Fv2%2Fmedia&parent=1333"}],"curies":[{"name":"wp","href":"https:\/\/api.w.org\/{rel}","templated":true}]}}