{"id":1754,"date":"2019-12-23T17:19:51","date_gmt":"2019-12-23T17:19:51","guid":{"rendered":"http:\/\/www.codesu.com\/?page_id=1754"},"modified":"2019-12-23T17:19:51","modified_gmt":"2019-12-23T17:19:51","slug":"politica-de-privacidad","status":"publish","type":"page","link":"http:\/\/www.codesu.com\/?page_id=1754","title":{"rendered":"Pol\u00edtica de Privacidad"},"content":{"rendered":"<p>[vc_row css=\u00bb.vc_custom_1577117013522{margin-top: 20px !important;}\u00bb bg_parallax=\u00bboff\u00bb bg_slider=\u00bboff\u00bb bg_slider_size=\u00bbfull\u00bb bg_video=\u00bboff\u00bb bottom_button=\u00bboff\u00bb bottom_button_color=\u00bb#222222&#8243;][vc_column width=\u00bb1\/1&#8243;][vc_column_text]Siguiendo los principios de licitud, lealtad y transparencia, ponemos a su disposici\u00f3n la presente Pol\u00edtica de Privacidad.[\/vc_column_text][\/vc_column][\/vc_row][vc_row][vc_column width=\u00bb1\/1&#8243;][vc_custom_heading text=\u00bb\u00bfQui\u00e9n es el Responsable del tratamiento de sus datos?\u00bb font_container=\u00bbtag:h2|text_align:left\u00bb google_fonts=\u00bbfont_family:Raleway%3A100%2C200%2C300%2Cregular%2C500%2C600%2C700%2C800%2C900|font_style:400%20regular%3A400%3Anormal\u00bb][vc_column_text css=\u00bb.vc_custom_1577120985996{margin-top: -20px !important;}\u00bb]<strong>Denominaci\u00f3n Social:<\/strong> Codesu Comercial de Suministros S.L.<\/p>\n<p><strong>NIF:\u00a0<\/strong>B-81847667<\/p>\n<p><strong>Domicilio Fiscal:\u00a0<\/strong>Calle Idioma Esperanto 14, 28017, Madrid<\/p>\n<p><strong>Contacto\u00a0<\/strong>Tel\u00e9fono: 917759314 \/ Email: <a title=\"rgpd@codesu.com\" href=\"mailto:rgpd@codesu.com\">rgpd@codesu.com<\/a>[\/vc_column_text][\/vc_column][\/vc_row][vc_row][vc_column width=\u00bb1\/1&#8243;][vc_custom_heading text=\u00bb\u00bfCon qu\u00e9 finalidad tratamos sus datos personales?\u00bb font_container=\u00bbtag:h2|text_align:left\u00bb google_fonts=\u00bbfont_family:Raleway%3A100%2C200%2C300%2Cregular%2C500%2C600%2C700%2C800%2C900|font_style:400%20regular%3A400%3Anormal\u00bb][vc_column_text css=\u00bb.vc_custom_1577120950441{margin-top: -20px !important;}\u00bb]En <strong>Codesu Comercial de Suministros S.L.<\/strong>, dependiendo de la categor\u00eda de interesado de que se trate, tratamos la informaci\u00f3n que nos facilita con las siguientes finalidades:<\/p>\n<ol>\n<li><strong>Potenciales Clientes:<\/strong>\u00a0Gestionar la potencial relaci\u00f3n comercial y\/o profesional, gestionar el env\u00edo de informaci\u00f3n solicitada y\/o resolver las consultas planteadas, facilitar ofertas de nuestros servicios y\/o productos de su inter\u00e9s.<\/li>\n<li><strong>Clientes:<\/strong>\u00a0Gestionar la relaci\u00f3n comercial y\/o profesional, facilitar ofertas de nuestros servicios y\/o productos de su inter\u00e9s.<\/li>\n<li><strong>Proveedores:<\/strong>\u00a0Gestionar la relaci\u00f3n comercial y\/o profesional.<\/li>\n<li><strong>Candidatos:\u00a0<\/strong>Gestionar el proceso de selecci\u00f3n de personal.<\/li>\n<\/ol>\n<p>[\/vc_column_text][\/vc_column][\/vc_row][vc_row][vc_column width=\u00bb1\/1&#8243;][vc_custom_heading text=\u00bb\u00bfCu\u00e1l es la legitimaci\u00f3n para el tratamiento de sus datos?\u00bb font_container=\u00bbtag:h2|text_align:left\u00bb google_fonts=\u00bbfont_family:Raleway%3A100%2C200%2C300%2Cregular%2C500%2C600%2C700%2C800%2C900|font_style:400%20regular%3A400%3Anormal\u00bb][vc_column_text css=\u00bb.vc_custom_1577120942682{margin-top: -20px !important;}\u00bb]La base legal para el tratamiento de sus datos personales, dependiendo de la categor\u00eda de interesado de que se trate, puede ser:<\/p>\n<ol>\n<li><strong>Potenciales Clientes:<\/strong>\u00a0Art. 6.1.b RGPD: aplicaci\u00f3n, a petici\u00f3n del interesado, de medidas precontractuales (presupuestos, hojas de encargo, ofertas de servicios\u2026).\u00a0Art. 6.1.f RGPD: Inter\u00e9s leg\u00edtimo (enviar informaci\u00f3n solicitada, responder a las consultas planteadas\u2026).\u00a0Art. 6.1.a RGPD: consentimiento del propio interesado (facilitar ofertas de nuestros servicios y\/o productos).<\/li>\n<li><strong>Clientes:<\/strong>\u00a0Art. 6.1.b RGPD: ejecuci\u00f3n de un contrato en el que el interesado es parte.<\/li>\n<li><strong>Proveedores:<\/strong>\u00a0Art. 6.1.b RGPD: ejecuci\u00f3n de un contrato en el que el interesado es parte.<\/li>\n<li><strong>Candidatos:\u00a0<\/strong>Art. 6.1.a RGPD: consentimiento del propio interesado.<\/li>\n<\/ol>\n<p>&nbsp;<\/p>\n<p>Los datos que le solicitamos son adecuados, pertinentes y estrictamente necesarios y en ning\u00fan caso est\u00e1 obligado a facilit\u00e1rnoslos, pero su no comunicaci\u00f3n podr\u00e1 afectar a la finalidad del servicio o la imposibilidad de prestarlo.[\/vc_column_text][\/vc_column][\/vc_row][vc_row][vc_column width=\u00bb1\/1&#8243;][vc_custom_heading text=\u00bb\u00bfPor cu\u00e1nto tiempo conservaremos sus datos personales?\u00bb font_container=\u00bbtag:h2|text_align:left\u00bb google_fonts=\u00bbfont_family:Raleway%3A100%2C200%2C300%2Cregular%2C500%2C600%2C700%2C800%2C900|font_style:400%20regular%3A400%3Anormal\u00bb][vc_column_text css=\u00bb.vc_custom_1577121250465{margin-top: -20px !important;}\u00bb]Sus datos, ser\u00e1n conservados el tiempo m\u00ednimo necesario para la correcta prestaci\u00f3n del servicio ofrecido as\u00ed como para atender las responsabilidades que se pudieran derivar del mismo y de cualquier otra exigencia legal.[\/vc_column_text][\/vc_column][\/vc_row][vc_row][vc_column width=\u00bb1\/1&#8243;][vc_custom_heading text=\u00bb\u00bfA qu\u00e9 destinatarios se comunicar\u00e1n sus datos?\u00bb font_container=\u00bbtag:h2|text_align:left\u00bb google_fonts=\u00bbfont_family:Raleway%3A100%2C200%2C300%2Cregular%2C500%2C600%2C700%2C800%2C900|font_style:400%20regular%3A400%3Anormal\u00bb][vc_column_text css=\u00bb.vc_custom_1577121292009{margin-top: -20px !important;}\u00bb]<strong>Codesu Comercial de Suministros S.L.<\/strong> no comunicar\u00e1 sus datos a ning\u00fan tercero, salvo que se informe de ello expresamente.<\/p>\n<p>Adicionalmente le informamos que determinados datos, en virtud con la normativa vigente o de la relaci\u00f3n contractual que mantenga con <strong>Codesu Comercial de Suministros S.L.<\/strong>, podr\u00e1n ser comunicados a:<\/p>\n<ul>\n<li>Los bancos y entidades financieras para el cobro de los servicios contratados y\/o productos comprados.<\/li>\n<li>Administraciones p\u00fablicas con competencia en los sectores de actividad de <strong>Codesu Comercial de Suministros S.L.<\/strong>, cuando as\u00ed lo establezca la normativa vigente.<\/li>\n<\/ul>\n<p>[\/vc_column_text][\/vc_column][\/vc_row][vc_row][vc_column width=\u00bb1\/1&#8243;][vc_custom_heading text=\u00bb\u00bfCu\u00e1les son sus derechos cuando nos facilita sus datos?\u00bb font_container=\u00bbtag:h2|text_align:left\u00bb google_fonts=\u00bbfont_family:Raleway%3A100%2C200%2C300%2Cregular%2C500%2C600%2C700%2C800%2C900|font_style:400%20regular%3A400%3Anormal\u00bb][vc_column_text css=\u00bb.vc_custom_1577121385580{margin-top: -20px !important;}\u00bb]Los derechos de protecci\u00f3n de datos que podr\u00e1n ejercer los interesados, cuando procedan, son:<\/p>\n<ul>\n<li>Derecho a solicitar el acceso a los datos personales relativos al interesado.<\/li>\n<li>Derecho de rectificaci\u00f3n o supresi\u00f3n.<\/li>\n<li>Derecho de oposici\u00f3n.<\/li>\n<li>Derecho a solicitar la limitaci\u00f3n de su tratamiento.<\/li>\n<li>Derecho a la portabilidad de los datos.<\/li>\n<li>Derecho a no ser objeto de decisiones basadas \u00fanicamente en el tratamiento automatizado de datos.<\/li>\n<\/ul>\n<p>&nbsp;<\/p>\n<p>Los titulares de los datos personales obtenidos, podr\u00e1n ejercer sus derechos de protecci\u00f3n de datos personales dirigiendo una comunicaci\u00f3n por escrito al domicilio social de <strong>Codesu Comercial de Suministros S.L.<\/strong> o al correo electr\u00f3nico habilitado a tal efecto, <a title=\"rgpd@codesu.com\" href=\"mailto:rgpd@codesu.com\"><strong>rgpd@codesu.com<\/strong><\/a>.<\/p>\n<p>Modelos, formularios y m\u00e1s informaci\u00f3n disponible sobre sus derechos en la p\u00e1gina web de la autoridad de control nacional, Agencia Espa\u00f1ola de Protecci\u00f3n de Datos, en adelante, AEPD, <a title=\"AEPD\" href=\"http:\/\/www.aepd.es\" target=\"_blank\">www.aepd.es<\/a>[\/vc_column_text][\/vc_column][\/vc_row][vc_row][vc_column width=\u00bb1\/1&#8243;][vc_custom_heading text=\u00bb\u00bfPuedo retirar el consentimiento?\u00bb font_container=\u00bbtag:h2|text_align:left\u00bb google_fonts=\u00bbfont_family:Raleway%3A100%2C200%2C300%2Cregular%2C500%2C600%2C700%2C800%2C900|font_style:400%20regular%3A400%3Anormal\u00bb][vc_column_text css=\u00bb.vc_custom_1577121416295{margin-top: -20px !important;}\u00bb]Usted tiene la posibilidad y el derecho a retirar el consentimiento para cualquiera finalidad espec\u00edfica otorgada en su momento, sin que ello afecte a la licitud del tratamiento basado en el consentimiento previo a su retirada.[\/vc_column_text][\/vc_column][\/vc_row][vc_row][vc_column width=\u00bb1\/1&#8243;][vc_custom_heading text=\u00bb\u00bfD\u00f3nde puedo reclamar en caso de que considere que no se tratan mis datos correctamente?\u00bb font_container=\u00bbtag:h2|text_align:left\u00bb google_fonts=\u00bbfont_family:Raleway%3A100%2C200%2C300%2Cregular%2C500%2C600%2C700%2C800%2C900|font_style:400%20regular%3A400%3Anormal\u00bb][vc_column_text css=\u00bb.vc_custom_1577121462828{margin-top: -20px !important;}\u00bb]Si alg\u00fan interesado considera que sus datos no son tratados correctamente por <strong>Codesu Comercial de Suministros S.L.<\/strong> o que las solicitudes de ejercicio de derechos no han sido atendidas de forma satisfactoria, puede interponer una reclamaci\u00f3n ante a la autoridad de protecci\u00f3n de datos que corresponda, siendo la AEPD la indicada en el territorio nacional, <a title=\"AEPD\" href=\"http:\/\/www.aepd.es\" target=\"_blank\">www.aepd.es<\/a>.[\/vc_column_text][\/vc_column][\/vc_row][vc_row][vc_column width=\u00bb1\/1&#8243;][vc_custom_heading text=\u00bbSeguridad y actualizaci\u00f3n de sus datos personales\u00bb font_container=\u00bbtag:h2|text_align:left\u00bb google_fonts=\u00bbfont_family:Raleway%3A100%2C200%2C300%2Cregular%2C500%2C600%2C700%2C800%2C900|font_style:400%20regular%3A400%3Anormal\u00bb][vc_column_text css=\u00bb.vc_custom_1577121497043{margin-top: -20px !important;}\u00bb]Con el objetivo de salvaguardar la seguridad de sus datos personales, le informamos que ha adoptado todas las medidas de \u00edndole t\u00e9cnica y organizativa necesarias para garantizar la seguridad de los datos personales suministrados. Todo ello para evitar su alteraci\u00f3n, p\u00e9rdida, y\/o tratamientos o accesos no autorizados, tal como exige la normativa, si bien la seguridad absoluta no existe.<\/p>\n<p>Es importante que, para que podamos mantener sus datos personales actualizados, nos informe siempre que se produzca una modificaci\u00f3n de los mismos.[\/vc_column_text][\/vc_column][\/vc_row][vc_row css=\u00bb.vc_custom_1577121541125{margin-bottom: 60px !important;}\u00bb bg_parallax=\u00bboff\u00bb bg_slider=\u00bboff\u00bb bg_slider_size=\u00bbfull\u00bb bg_video=\u00bboff\u00bb bottom_button=\u00bboff\u00bb bottom_button_color=\u00bb#222222&#8243;][vc_column width=\u00bb1\/1&#8243;][vc_custom_heading text=\u00bbConfidencialidad\u00bb font_container=\u00bbtag:h2|text_align:left\u00bb google_fonts=\u00bbfont_family:Raleway%3A100%2C200%2C300%2Cregular%2C500%2C600%2C700%2C800%2C900|font_style:400%20regular%3A400%3Anormal\u00bb][vc_column_text css=\u00bb.vc_custom_1577121531323{margin-top: -20px !important;}\u00bb]<strong>Codesu Comercial de Suministros S.L. <\/strong>le informa que sus datos ser\u00e1n tratados con el m\u00e1ximo celo y confidencialidad por todo el personal que intervenga en cualquiera de las fases del tratamiento. No cederemos ni comunicaremos a ning\u00fan tercero sus datos, excepto en los casos legalmente previstos, o salvo que el interesado nos hubiera autorizado expresamente.[\/vc_column_text][\/vc_column][\/vc_row]<\/p>\n","protected":false},"excerpt":{"rendered":"<p>[vc_row css=\u00bb.vc_custom_1577117013522{margin-top: 20px !important;}\u00bb bg_parallax=\u00bboff\u00bb bg_slider=\u00bboff\u00bb bg_slider_size=\u00bbfull\u00bb bg_video=\u00bboff\u00bb bottom_button=\u00bboff\u00bb bottom_button_color=\u00bb#222222&#8243;][vc_column width=\u00bb1\/1&#8243;][vc_column_text]Siguiendo los principios de licitud, lealtad y transparencia, ponemos a su disposici\u00f3n la presente Pol\u00edtica de Privacidad.[\/vc_column_text][\/vc_column][\/vc_row][vc_row][vc_column width=\u00bb1\/1&#8243;][vc_custom_heading text=\u00bb\u00bfQui\u00e9n es [&hellip;]<\/p>\n","protected":false},"author":1,"featured_media":0,"parent":0,"menu_order":0,"comment_status":"open","ping_status":"open","template":"","meta":{"footnotes":""},"_links":{"self":[{"href":"http:\/\/www.codesu.com\/index.php?rest_route=\/wp\/v2\/pages\/1754"}],"collection":[{"href":"http:\/\/www.codesu.com\/index.php?rest_route=\/wp\/v2\/pages"}],"about":[{"href":"http:\/\/www.codesu.com\/index.php?rest_route=\/wp\/v2\/types\/page"}],"author":[{"embeddable":true,"href":"http:\/\/www.codesu.com\/index.php?rest_route=\/wp\/v2\/users\/1"}],"replies":[{"embeddable":true,"href":"http:\/\/www.codesu.com\/index.php?rest_route=%2Fwp%2Fv2%2Fcomments&post=1754"}],"version-history":[{"count":12,"href":"http:\/\/www.codesu.com\/index.php?rest_route=\/wp\/v2\/pages\/1754\/revisions"}],"predecessor-version":[{"id":1766,"href":"http:\/\/www.codesu.com\/index.php?rest_route=\/wp\/v2\/pages\/1754\/revisions\/1766"}],"wp:attachment":[{"href":"http:\/\/www.codesu.com\/index.php?rest_route=%2Fwp%2Fv2%2Fmedia&parent=1754"}],"curies":[{"name":"wp","href":"https:\/\/api.w.org\/{rel}","templated":true}]}}